{"id":264,"date":"2012-12-14T23:55:22","date_gmt":"2012-12-14T22:55:22","guid":{"rendered":"https:\/\/teatertidningen.se\/wp\/?page_id=264"},"modified":"2024-10-13T12:17:47","modified_gmt":"2024-10-13T10:17:47","slug":"norden","status":"publish","type":"page","link":"https:\/\/teatertidningen.se\/?page_id=264","title":{"rendered":"Norden"},"content":{"rendered":"<h1>Nordisk teater<\/h1>\n<ul>\n<li><a href=\"http:\/\/www.kulturkontaktnord.org\" target=\"_blank\" rel=\"noopener\">Kulturkontakt nord<\/a><\/li>\n<\/ul>\n<h1>Danmark<\/h1>\n<ul>\n<li><a href=\"http:\/\/www.teater1.dk\/\" target=\"_blank\" rel=\"noopener\">teater 1<\/a>, den danska teatertidningen<\/li>\n<li><a href=\"http:\/\/www.cultur.com\/\" target=\"_blank\" rel=\"noopener\">www.cultur.com<\/a>, dansk kulturplats p\u00e5 n\u00e4t<\/li>\n<li><a href=\"http:\/\/www.kultunaut.dk\/\" target=\"_blank\" rel=\"noopener\">KultuNaut<\/a>, h\u00e4r presenteras aktuella f\u00f6rest\u00e4llningar i Danmark<\/li>\n<li><a href=\"http:\/\/www.nordiska.dk\/\" target=\"_blank\" rel=\"noopener\">Nordiska og Strakosch Teaterforlag<\/a><\/li>\n<li><a href=\"http:\/\/www.kgl-teater.dk\/\" target=\"_blank\" rel=\"noopener\">Det Konglige<\/a>, Danmarks nationalscen<\/li>\n<li><a href=\"http:\/\/www.kanonhallen.dk\/\" target=\"_blank\" rel=\"noopener\">Kanonhallen<\/a>, en sp\u00e4nnande scen i K\u00f6penhamn med os\u00e4ker framtid<\/li>\n<li><a href=\"http:\/\/www.mungopark.dk\/\" target=\"_blank\" rel=\"noopener\">Mungo park<\/a>, K\u00f6penhamn<\/li>\n<li><a href=\"http:\/\/www.bettynansen.dk\/\" target=\"_blank\" rel=\"noopener\">Betty Nansen Teatret<\/a>, K\u00f6penhamn<\/li>\n<li><a href=\"http:\/\/www.faar302.dk\/\" target=\"_blank\" rel=\"noopener\">TEATER F\u00c5R302<\/a>\u00a0i K\u00f6penhamn<\/li>\n<li><a href=\"http:\/\/www.aveny-t.dk\/\" target=\"_blank\" rel=\"noopener\">Aveny-T<\/a>, K\u00f6penhamn<\/li>\n<li><a href=\"http:\/\/www.cafeteatret.dk\/\" target=\"_blank\" rel=\"noopener\">Caf\u00e9-Teatret<\/a>, K\u00f6penhamn<\/li>\n<li><a href=\"http:\/\/www.husetsteater.dk\/\" target=\"_blank\" rel=\"noopener\">Husets teater<\/a>, K\u00f6penhamn<\/li>\n<li><a href=\"http:\/\/www.kaleidoskop.dk\/\" target=\"_blank\" rel=\"noopener\">Kaleidoskop<\/a>, K\u00f6penhamn<\/li>\n<li><a href=\"http:\/\/www.mammutteatret.dk\/\" target=\"_blank\" rel=\"noopener\">Mammutteatret<\/a>, K\u00f6penhamn<\/li>\n<li><a href=\"http:\/\/www.plan-b-teater.dk\/\" target=\"_blank\" rel=\"noopener\">Plan-B teater<\/a>, K\u00f6penhamn<\/li>\n<li><a href=\"http:\/\/www.hotelproforma.dk\/\" target=\"_blank\" rel=\"noopener\">Hotel Pro Forma<\/a><\/li>\n<li><a href=\"http:\/\/www.odinteatret.dk\/\" target=\"_blank\" rel=\"noopener\">Odinteatret<\/a>.<\/li>\n<li><a href=\"http:\/\/www.aarhusteater.dk\/\" target=\"_blank\" rel=\"noopener\">Teatern i Aarhus<\/a><\/li>\n<li><a href=\"http:\/\/www.svalegangen.dk\/\" target=\"_blank\" rel=\"noopener\">Svalegangen<\/a>, \u00c5rhus<\/li>\n<li><a href=\"http:\/\/www.gruppe38.dk\/\" target=\"_blank\" rel=\"noopener\">Gruppe 38<\/a>, \u00c5rhus<\/li>\n<li><a href=\"http:\/\/www.baggaardteatret.dk\/\" target=\"_blank\" rel=\"noopener\">Bagg\u00e5rdteatret<\/a>, Svendborg<\/li>\n<li><a href=\"http:\/\/www.odenseteater.dk\/\">Odenese Teater<\/a>, Odense<\/li>\n<li><a href=\"http:\/\/www.kit.dk\/\" target=\"_blank\" rel=\"noopener\">K\u00f8benhavns internationale teater<\/a><\/li>\n<\/ul>\n<h1>Finland<\/h1>\n<ul>\n<li><a href=\"http:\/\/www.hkt.fi\/lillateatern\" target=\"_blank\" rel=\"noopener\">Lilla teatern<\/a>, Helsingfors<\/li>\n<li><a href=\"http:\/\/www.svenskateatern.fi\/\" target=\"_blank\" rel=\"noopener\">Svenska Teatern<\/a>\u00a0i Helsingfors<\/li>\n<li><a href=\"http:\/\/www.viirus.fi\/\" target=\"_blank\" rel=\"noopener\">Teater Viirus<\/a>\u00a0i Helsingfors<\/li>\n<li><a href=\"http:\/\/www.ooppera.fi\/\" target=\"_blank\" rel=\"noopener\">Finlands Nationalopera<\/a><\/li>\n<\/ul>\n<h1>Island<\/h1>\n<ul>\n<li><a href=\"http:\/\/www.leikhusid.is\/\" target=\"_blank\" rel=\"noopener\">\u00dej\u00f3\u00f0leikh\u00fasi\u00f0<\/a>, Islands Nationalteater, Reykjavik<\/li>\n<li><a href=\"http:\/\/www.borgarleikhus.is\/\" target=\"_blank\" rel=\"noopener\">Borgarleikh\u00fasi\u00f0<\/a>, Reykjaviks stadsteater<\/li>\n<\/ul>\n<h1>Norge<\/h1>\n<ul>\n<li><a href=\"http:\/\/www.pluto.no\/\" target=\"_blank\" rel=\"noopener\">Pluto Kulturkanalen<\/a>,\u00a0kultur p\u00e5 n\u00e4tet med teaterprogram<\/li>\n<li><a href=\"http:\/\/www.blackbox.no\/\" target=\"_blank\" rel=\"noopener\">Black Box<\/a>, g\u00e4stspelsscen i Oslo<\/li>\n<li><a href=\"http:\/\/www.dns.no\/\" target=\"_blank\" rel=\"noopener\">Den Nationale Scene<\/a>, Bergen<\/li>\n<li><a href=\"http:\/\/www.detnorsketeatret.no\/\" target=\"_blank\" rel=\"noopener\">Det Norske Teatret<\/a>, Oslo<\/li>\n<li><a href=\"http:\/\/www.nationaltheatret.no\/\" target=\"_blank\" rel=\"noopener\">Nationaltheatret<\/a>,\u00a0Oslo<\/li>\n<li><a title=\"Norsk Shakespeare- och teatertidskrift\" href=\"http:\/\/www.shakespearetidsskrift.no\/\">Norsk Shakespeare- och teatertidskrift<\/a>,\u00a0gedigen och matig kulturtidskrift om scenkonst<\/li>\n<li><a href=\"http:\/\/www.detapneteater.no\/\" target=\"_blank\" rel=\"noopener\">Det \u00c5pne Teater<\/a>, Oslo<\/li>\n<li><a href=\"https:\/\/oit.no\">\u00d8stfold Teater<\/a><\/li>\n<\/ul>\n\n","protected":false},"excerpt":{"rendered":"<p>Nordisk teater Kulturkontakt nord Danmark teater 1, den danska teatertidningen www.cultur.com, dansk kulturplats p\u00e5 n\u00e4t KultuNaut, h\u00e4r presenteras aktuella f\u00f6rest\u00e4llningar i Danmark Nordiska og Strakosch Teaterforlag Det Konglige, Danmarks nationalscen Kanonhallen, en sp\u00e4nnande scen i K\u00f6penhamn med os\u00e4ker framtid Mungo park, K\u00f6penhamn Betty Nansen Teatret, K\u00f6penhamn TEATER F\u00c5R302\u00a0i K\u00f6penhamn Aveny-T, K\u00f6penhamn Caf\u00e9-Teatret, K\u00f6penhamn Husets teater, [&hellip;]<\/p>\n","protected":false},"author":1,"featured_media":0,"parent":195,"menu_order":0,"comment_status":"closed","ping_status":"open","template":"","meta":[],"_links":{"self":[{"href":"https:\/\/teatertidningen.se\/index.php?rest_route=\/wp\/v2\/pages\/264"}],"collection":[{"href":"https:\/\/teatertidningen.se\/index.php?rest_route=\/wp\/v2\/pages"}],"about":[{"href":"https:\/\/teatertidningen.se\/index.php?rest_route=\/wp\/v2\/types\/page"}],"author":[{"embeddable":true,"href":"https:\/\/teatertidningen.se\/index.php?rest_route=\/wp\/v2\/users\/1"}],"replies":[{"embeddable":true,"href":"https:\/\/teatertidningen.se\/index.php?rest_route=%2Fwp%2Fv2%2Fcomments&post=264"}],"version-history":[{"count":8,"href":"https:\/\/teatertidningen.se\/index.php?rest_route=\/wp\/v2\/pages\/264\/revisions"}],"predecessor-version":[{"id":3524,"href":"https:\/\/teatertidningen.se\/index.php?rest_route=\/wp\/v2\/pages\/264\/revisions\/3524"}],"up":[{"embeddable":true,"href":"https:\/\/teatertidningen.se\/index.php?rest_route=\/wp\/v2\/pages\/195"}],"wp:attachment":[{"href":"https:\/\/teatertidningen.se\/index.php?rest_route=%2Fwp%2Fv2%2Fmedia&parent=264"}],"curies":[{"name":"wp","href":"https:\/\/api.w.org\/{rel}","templated":true}]}}