{"id":741,"date":"2014-10-16T15:46:43","date_gmt":"2014-10-16T13:46:43","guid":{"rendered":"https:\/\/teatertidningen.se\/?page_id=741"},"modified":"2026-03-25T09:51:02","modified_gmt":"2026-03-25T08:51:02","slug":"kop-losnummer-9496","status":"publish","type":"page","link":"https:\/\/teatertidningen.se\/?page_id=741","title":{"rendered":"K\u00f6p v\u00e5ra tidigare nummer &#8211; 94\/96"},"content":{"rendered":"<div class=\"page-nav\">\u00ab <a class=\"prev\" title=\"K\u00f6p v\u00e5ra tidigare nummer \u2013 Alla\" href=\"https:\/\/teatertidningen.se\/?page_id=807\">Nummer &#8211; Alla<\/a><a class=\"next\" title=\"K\u00f6p v\u00e5ra tidigare nummer \u2013 97\/99\" href=\"https:\/\/teatertidningen.se\/?page_id=758\">Nummer &#8211; 97\/99 <\/a>\u00bb<\/div>\n<p>Kryssa f\u00f6r de nummer du vill k\u00f6pa och ange din adress l\u00e4ngst ner p\u00e5 sidan s\u00e5 skickar vi tidningarna tillsammans med faktura, inom Sverige tillkommer en portoavgift p\u00e5 40:- per best\u00e4llning, till \u00f6vriga v\u00e4rlden debiteras ordinarie porto. Fr\u00e5gor om best\u00e4llningarna besvaras p\u00e5 <a class=\"email-link\" href=\"mailto:l&#111;sn&#117;m&#109;&#101;r&#64;&#116;&#101;&#97;&#116;&#101;&#114;&#116;&#105;&#100;&#110;ing&#101;n.&#115;e\" title=\"Email\" target=\"_blank\">&#108;osn&#117;mm&#101;r&#64;t&#101;a&#116;e&#114;&#116;idni&#110;&#103;&#101;&#110;&#46;se<\/a> eller 031- 743 99 05, N\u00e4tverkstans ekonomitj\u00e4nst. Prenumeration kan best\u00e4llas <a title=\"Prenumerera\" href=\"https:\/\/teatertidningen.se\/?page_id=7\">h\u00e4r<\/a> eller du kan avbryta genom att g\u00e5 till <a title=\"Hem\" href=\"https:\/\/teatertidningen.se\/\">Teatertidningens<\/a> f\u00f6rsta sida.<\/p>\n<p>Vi hanterar alla personuppgifter enligt g\u00e4llande lagstiftning. F\u00f6r mer information, se: <em><a href=\"http:\/\/www.natverkstan.net\/personuppgifterprenumeration\/\">www.natverkstan.net\/personuppgifterprenumeration\/<\/a><\/em><\/p>\n<\/p>\n<form action=\"https:\/\/teatertidningen.se\/formmail.php\" method=\"post\">\n<div id=\"numbers\">\n<ul>\n<li>\n<div><img loading=\"lazy\" src=\"https:\/\/teatertidningen.se\/Teatertidningen_old\/bilder\/t65.JPG\" alt=\"\" width=\"96\" height=\"145\" \/><\/div>\n<h4>65 Nordisk teater<\/h4>\n<p>Fr\u00e5n Ibsen till cyberspace. Reportage fr\u00e5n Oslo, Helsingfors, K\u00f6penhamn, Rejkavik, Torshavn, Nuuk. Pj\u00e4sen Ferdalok av Steinunn Johannesd\u00f3ttir.<\/p>\n<div><input name=\"nummer[]\" type=\"checkbox\" value=\"65 (1\/94)\" \/>nr 65 (1\/94) 33:-<\/div>\n<\/li>\n<li>\n<div><img loading=\"lazy\" src=\"https:\/\/teatertidningen.se\/Teatertidningen_old\/bilder\/t66.JPG\" alt=\"\" width=\"96\" height=\"148\" \/><\/div>\n<h4>66 Barnteater<\/h4>\n<p>Stort barnteaterspecial, fri teater i New York, stort temablock om tysk teater. Pj\u00e4sen<i> V\u00e4gsk\u00e4l<\/i> av Annika Holm.<\/p>\n<div><input name=\"nummer[]\" type=\"checkbox\" value=\"66 (2\/94)\" \/>nr66 (2\/94) 33:-<\/div>\n<\/li>\n<li>\n<div><img loading=\"lazy\" src=\"https:\/\/teatertidningen.se\/Teatertidningen_old\/bilder\/t67.JPG\" alt=\"\" width=\"96\" height=\"147\" \/><\/div>\n<h4>67 Harold Pinter<\/h4>\n<p>Intercult, Variet\u00e8-Teatern Barb\u00e8s, Intervju med Elin Klinga. Pj\u00e4sen:<i> Mot v\u00e5rens st\u00f6rtregn<\/i> av Boel Schenlaer.<\/p>\n<div><input name=\"nummer[]\" type=\"checkbox\" value=\"67 (3\/94)\" \/>nr 67 (3\/94) 33:-<\/div>\n<\/li>\n<li>\n<div><img loading=\"lazy\" src=\"https:\/\/teatertidningen.se\/Teatertidningen_old\/bilder\/t68.JPG\" alt=\"\" width=\"96\" height=\"143\" \/><\/div>\n<h4>68 Ole Anders Tandberg<\/h4>\n<p>Sven Andr\u00e9n och Eva Hermansson vid Folkteatern i G\u00f6teborg, dramatikern David Mamet, ny scen f\u00f6r Dramaten. Pj\u00e4sen:<i> Hill &amp; Gargamella <\/i>av Cristina Berglund.<\/p>\n<div><input name=\"nummer[]\" type=\"checkbox\" value=\"68 (4\/94)\" \/>nr 68 (4\/94) 33:-<\/div>\n<\/li>\n<li>\n<div><img loading=\"lazy\" src=\"https:\/\/teatertidningen.se\/Teatertidningen_old\/bilder\/t70.JPG\" alt=\"\" width=\"96\" height=\"143\" \/><\/div>\n<h4>70 Film eller teater?<\/h4>\n<p>Stor enk\u00e4t om film och teater. Dramatikern Erik Wahlberg, sk\u00e5despelerskan Rebecka Hemse, Feministisk teater-forskning. Pj\u00e4sen:<i> Att f\u00f6rsvinna ner i n\u00e5gon annans minne <\/i>av Patrik Bergner.<\/p>\n<div><input name=\"nummer[]\" type=\"checkbox\" value=\"70 (1\/95)\" \/>nr 70 (1\/95) 36:-<\/div>\n<\/li>\n<li>\n<div><img loading=\"lazy\" src=\"https:\/\/teatertidningen.se\/Teatertidningen_old\/bilder\/t71.JPG\" alt=\"\" width=\"96\" height=\"145\" \/><\/div>\n<h4>71 Jacob Ericksson<\/h4>\n<p>Strindberg i London, Ensemble-teatern i Malm\u00f6, tyska teaterintriger, Mikael Persbrandt, homosexualitet och teater. Pj\u00e4sen: <i> Sister Midnight <\/i>av Staffan Valdemar Holm.<\/p>\n<div><input name=\"nummer[]\" type=\"checkbox\" value=\"71(2\/95)\" \/>nr 71 (2\/95) 36:-<\/div>\n<\/li>\n<li>\n<div><img loading=\"lazy\" src=\"https:\/\/teatertidningen.se\/Teatertidningen_old\/bilder\/t73.JPG\" alt=\"\" width=\"96\" height=\"145\" \/><\/div>\n<h4>72\/73 Iwar Wiklander<\/h4>\n<p>Margot Wallstr\u00f6m, Gunilla Palmstierna-Weiss, Upsala Stads-teater, Teaterbiennalen, Peter Stein, Peter Sellars, Lars Nor\u00e9n. Pj\u00e4sen:<i> Det bl\u00f6dande pepparkaks-hj\u00e4rtat <\/i>av Staffan Westerberg.<\/p>\n<div><input name=\"nummer[]\" type=\"checkbox\" value=\"72\/73 (3-4\/95)\" \/>nr 72\/73(3-4\/95) 44:-<\/div>\n<\/li>\n<li>\n<div><img loading=\"lazy\" src=\"https:\/\/teatertidningen.se\/Teatertidningen_old\/bilder\/t74.JPG\" alt=\"\" width=\"96\" height=\"143\" \/><\/div>\n<h4>74 Rave-teater i Berlin<\/h4>\n<p>Svensk dramatik i Storbritannien, \u00c5sa Kalm\u00e9r, Teaterutredningen, \u00d6stg\u00f6tateatern, teater i Chicago. Pj\u00e4sen:<i> En sista kopp kaffe <\/i>av Marianne Goldman.<\/p>\n<div><input name=\"nummer[]\" type=\"checkbox\" value=\"74 (5\/95)\" \/>nr 74 (5\/95) 36:-<\/div>\n<\/li>\n<li>\n<div><img loading=\"lazy\" src=\"https:\/\/teatertidningen.se\/Teatertidningen_old\/bilder\/t75.JPG\" alt=\"\" width=\"96\" height=\"143\" \/><\/div>\n<h4>75 Jasenko Selimovic<\/h4>\n<p>Elfriede Jelinek, Ale M\u00f6ller, Ludmila Razumovskaja. Pj\u00e4sen:<i> Tarmvred <\/i>av Lars Arrhed.<\/p>\n<div><input name=\"nummer[]\" type=\"checkbox\" value=\"75 (1\/96)\" \/>nr 75 (1\/96) 37:-<\/div>\n<\/li>\n<li>\n<div><img loading=\"lazy\" src=\"https:\/\/teatertidningen.se\/Teatertidningen_old\/bilder\/t76.JPG\" alt=\"\" width=\"96\" height=\"143\" \/><\/div>\n<h4>76\/77 Shakespeare<\/h4>\n<p>Lena Nyl\u00e9n, Skolteater, The Royal National Theatre Studio, The Globe, Sue-Elle Case feministisk teaterprofessor, teaterljus. Pj\u00e4sen:<i> V\u00e5ning 12 <\/i>av Mattias Andersson<\/p>\n<div><input name=\"nummer[]\" type=\"checkbox\" value=\"76\/77 (2-3\/96)\" \/>nr 76\/77(2-3\/96) 53:-<\/div>\n<\/li>\n<li>\n<div><img loading=\"lazy\" src=\"https:\/\/teatertidningen.se\/Teatertidningen_old\/bilder\/t78.JPG\" alt=\"\" width=\"96\" height=\"143\" \/><\/div>\n<h4>78 Kina<\/h4>\n<p>Teaterh\u00f6gskolans g\u00e4stspel i Shanghai, Svensk dramatik? Hamlet g\u00e5r igen, Grotowski. Pj\u00e4sen:<i> Livingstones barn <\/i>av Isa Sch\u00f6ier.<\/p>\n<div><input name=\"nummer[]\" type=\"checkbox\" value=\"78 (4\/96)\" \/>nr 78 (4\/96) 37:-<\/div>\n<\/li>\n<li>\n<div><img loading=\"lazy\" src=\"https:\/\/teatertidningen.se\/Teatertidningen_old\/bilder\/t79.JPG\" alt=\"\" width=\"96\" height=\"143\" \/><\/div>\n<h4>79 G\u00f6teborg<\/h4>\n<p>19 sidor om teaterstaden G\u00f6teborg. Bibeln som teater, intervjuer med Staffan G\u00f6the och Ingela Olsson. Pj\u00e4sen:<i> Fredag klockan fyra <\/i>av Fredrik Ekelund.<\/p>\n<div><input name=\"nummer[]\" type=\"checkbox\" value=\"79 (5\/96)\" \/>nr 79 (5\/96) 37:-<\/div>\n<\/li>\n<\/ul>\n<\/div>\n<h4>Jag vill k\u00f6pa ovanst\u00e5ende f\u00f6rkryssade tidningar<\/h4>\n<p class=\"pren-text\">(Tidningarna skickas med faktura, inom Sverige tillkommer en portoavgift p\u00e5 40:- per best\u00e4llning, till \u00f6vriga v\u00e4rlden debiteras ordinarie porto. )<\/p>\n<div class=\"pren_form\">\n<p>Namn<\/p>\n<div><input maxlength=\"50\" name=\"realname\" size=\"48\" type=\"text\" \/><\/div>\n<\/div>\n<div class=\"pren_form\">\n<p>e-post<\/p>\n<div><input maxlength=\"50\" name=\"email\" size=\"48\" type=\"text\" \/><\/div>\n<\/div>\n<div class=\"pren_form\">\n<p>Gatuadress<\/p>\n<div><input name=\"adress1\" size=\"48\" type=\"text\" \/><\/div>\n<\/div>\n<div class=\"pren_form\">\n<p>Postnummer och ort<\/p>\n<div><input name=\"postnum\" size=\"48\" type=\"text\" \/><\/div>\n<\/div>\n<div class=\"pren_form\">\n<p>Ev kommentarer<\/p>\n<div><textarea cols=\"47\" name=\"kommentar\" rows=\"4\"><\/textarea><\/div>\n<\/div>\n<div class=\"pren_form\">\n<div><input type=\"submit\" value=\"Skicka\" \/> <input type=\"reset\" value=\"Rensa\" \/><\/div>\n<\/div>\n<\/form>\n","protected":false},"excerpt":{"rendered":"<p>\u00ab Nummer &#8211; AllaNummer &#8211; 97\/99 \u00bb Kryssa f\u00f6r de nummer du vill k\u00f6pa och ange din adress l\u00e4ngst ner p\u00e5 sidan s\u00e5 skickar vi tidningarna tillsammans med faktura, inom Sverige tillkommer en portoavgift p\u00e5 40:- per best\u00e4llning, till \u00f6vriga v\u00e4rlden debiteras ordinarie porto. Fr\u00e5gor om best\u00e4llningarna besvaras p\u00e5 eller 031- 743 99 05, N\u00e4tverkstans [&hellip;]<\/p>\n","protected":false},"author":3,"featured_media":0,"parent":0,"menu_order":0,"comment_status":"closed","ping_status":"open","template":"","meta":[],"_links":{"self":[{"href":"https:\/\/teatertidningen.se\/index.php?rest_route=\/wp\/v2\/pages\/741"}],"collection":[{"href":"https:\/\/teatertidningen.se\/index.php?rest_route=\/wp\/v2\/pages"}],"about":[{"href":"https:\/\/teatertidningen.se\/index.php?rest_route=\/wp\/v2\/types\/page"}],"author":[{"embeddable":true,"href":"https:\/\/teatertidningen.se\/index.php?rest_route=\/wp\/v2\/users\/3"}],"replies":[{"embeddable":true,"href":"https:\/\/teatertidningen.se\/index.php?rest_route=%2Fwp%2Fv2%2Fcomments&post=741"}],"version-history":[{"count":26,"href":"https:\/\/teatertidningen.se\/index.php?rest_route=\/wp\/v2\/pages\/741\/revisions"}],"predecessor-version":[{"id":3868,"href":"https:\/\/teatertidningen.se\/index.php?rest_route=\/wp\/v2\/pages\/741\/revisions\/3868"}],"wp:attachment":[{"href":"https:\/\/teatertidningen.se\/index.php?rest_route=%2Fwp%2Fv2%2Fmedia&parent=741"}],"curies":[{"name":"wp","href":"https:\/\/api.w.org\/{rel}","templated":true}]}}